{"id":65,"date":"2023-06-28T22:09:53","date_gmt":"2023-06-28T22:09:53","guid":{"rendered":"https:\/\/iberconceptos.es\/?page_id=65"},"modified":"2024-12-03T20:21:58","modified_gmt":"2024-12-03T20:21:58","slug":"grupo-conceptos-politicos-fundamentales","status":"publish","type":"page","link":"https:\/\/iberconceptos.es\/?page_id=65","title":{"rendered":"Grupo Conceptos Pol\u00edticos Fundamentales"},"content":{"rendered":"\n<ol class=\"wp-block-list\" style=\"list-style-type:upper-alpha\">\n<li><strong><\/strong><strong>COORDINACI\u00d3N E INFORMACI\u00d3N DE CONTACTO<\/strong><\/li>\n<\/ol>\n\n\n\n<p>Coordinador: Gabriel Entin (CONICET\/UdeCh)<\/p>\n\n\n\n<p>Email: <a href=\"mailto:Gabriel.entin@gmail.com\">Gabriel.entin@gmail.com<\/a><\/p>\n\n\n\n<p><strong>B. DESCRIPCION DEL GRUPO <\/strong><\/p>\n\n\n\n<p>Como se\u00f1ala Willibald Steinmetz, la pregunta sobre c\u00f3mo pensar lo que est\u00e1 m\u00e1s all\u00e1 de los conceptos representa uno de los tres principales problemas te\u00f3ricos y pr\u00e1cticos de la sem\u00e1ntica hist\u00f3rica -los otros dos son la explicaci\u00f3n de los cambios sem\u00e1nticos de los conceptos -c\u00f3mo y por qu\u00e9 cambian sus sentidos- y la traducci\u00f3n -o imposibilidad de traducci\u00f3n- de conceptos entre diferentes lenguas<a href=\"#_ftn1\" id=\"_ftnref1\">[1]<\/a>. Steinmetz identifica as\u00ed la inconceptualidad como problema constitutivo de la historia conceptual: \u00bfPuede esta historia dar cuenta de aquello que no es conceptualizable? La pregunta apunta a dos premisas formuladas por Reinhart Koselleck: por un lado, la historia se plasma en conceptos y s\u00f3lo puede entenderse a trav\u00e9s de su an\u00e1lisis. Por otro lado, la historia no puede reducirse a los conceptos. Los miembros del grupo <em>Conceptos Pol\u00edticos fundamentales <\/em>se proponen indagar estos y otros problemas te\u00f3ricos y metodol\u00f3gicos de la historia conceptual a partir de la reconstrucci\u00f3n de usos de conceptos, met\u00e1foras, im\u00e1genes y otras dimensiones conceptuales, incluidas aquellas no ling\u00fc\u00edsticas. Para ello, el grupo se concentra en explorar conceptos pol\u00edticos fundamentales en los vocabularios pol\u00edticos que adquieren el estatuto de metaconceptos.<\/p>\n\n\n\n<p><strong>C. ACTIVIDADES REALIZADAS<\/strong><\/p>\n\n\n\n<p>Organizaci\u00f3n Mesa 137 \u201cDebates y problemas en la historia conceptual\u201d, XIX Jornadas Interescuelas-Departamentos de Historia, Facultad de Humanidades y Artes, Universidad Nacional de Rosario, Rosario, 20 de septiembre de 2024.<\/p>\n\n\n\n<p>Organizaci\u00f3n Mesa 52 \u201cHistoria conceptual. Problemas y estudios de caso (siglos XVIII-<\/p>\n\n\n\n<p>XX)\u201d, XXIV Jornadas de Historia de Chile, Universidad de Concepci\u00f3n, Concepci\u00f3n, 31 de mayo de 2024.<\/p>\n\n\n\n<p>II Workshop Grupo Conceptos Pol\u00edticos Fundamentales \u201cUna polisemia exacerbada: el concepto \u201ccomunidad\u201d entre el republicanismo y la revoluci\u00f3n social en la era de los conceptos que se bifurcan: Europa-Am\u00e9rica Latina, 1810-1890\u201d, Universidad de la Rep\u00fablica (Udelar), 9-10 diciembre 2021.<\/p>\n\n\n\n<p>Workshop Grupo Conceptos Pol\u00edticos Fundamentales (virtual) \u201cEl concepto de Comunidad en Iberoam\u00e9rica. Siglo XIX\u201d, 7-8 de diciembre 2020.<\/p>\n\n\n\n<p><strong>D. PUBLICACIONES<\/strong><\/p>\n\n\n\n<p>Gabriel Entin y Jorge Myers (ed.), <em>Itinerarios de un metaconcepto. La comunidad en el siglo XIX latinoamericano<\/em>, Madrid, Ahila-Universidad Aut\u00f3noma de Madrid, 2024.<\/p>\n\n\n\n<p><strong>Participaci\u00f3n de miembros del equipo en publicaciones vinculadas a Iberconceptos<\/strong><strong><\/strong><\/p>\n\n\n\n<p>Gerardo Caetano, Ana Ribeiro. (2018) \u201cEl pleito conceptual entre \u201clibertad\u201d y \u201crep\u00fablica\u201d en los tiempos artiguistas\u201d,&nbsp;<em>Ariadna Hist\u00f3rica. Lenguajes, conceptos, met\u00e1foras<\/em>, (7), pp. 13\u201335. Disponible en: https:\/\/ojs.ehu.eus\/index.php\/Ariadna\/article\/view\/20176<\/p>\n\n\n\n<p>Wilson Gonz\u00e1lez Demuro. (2018) \u201cCantando y riendo corrijo las costumbres\u00bb. El teatro como escuela c\u00edvica en las sociedades rioplatenses a comienzos del siglo XIX. Montevideo, 1800-1825\u201d,&nbsp;<em>Ariadna Hist\u00f3rica. Lenguajes, conceptos, met\u00e1foras<\/em>, (7), pp. 37\u201362. Disponible en: https:\/\/ojs.ehu.eus\/index.php\/Ariadna\/article\/view\/20246<\/p>\n\n\n\n<p>In\u00e9s Cuadro Cawen. (2018) \u201cEntre la igualdad y las diferencias: el concepto \u201cfeminismo\u201d en el Novecientos rioplatense\u201d<em> Ariadna Hist\u00f3rica. Lenguajes, conceptos, met\u00e1foras<\/em>, (7), pp. 63\u201399. Disponible en: https:\/\/ojs.ehu.eus\/index.php\/Ariadna\/article\/view\/17894<\/p>\n\n\n\n<p>Gonzalo Capell\u00e1n de Miguel. (2018) \u201cEl concepto democracia: momentos, significados e im\u00e1genes en la \u201clarga duraci\u00f3n\u201d (Una propuesta para repensar la historia conceptual en el mundo iberoamericano)\u201d,&nbsp;<em>Ariadna Hist\u00f3rica. Lenguajes, conceptos, met\u00e1foras<\/em>, (7), pp. 101\u2013146. Disponible en: https:\/\/ojs.ehu.eus\/index.php\/Ariadna\/article\/view\/20177<\/p>\n\n\n\n<p><strong>E. MIEMBROS DEL GRUPO<\/strong><\/p>\n\n\n\n<p>Edward Blumenthal<\/p>\n\n\n\n<p>Gerardo Caetano<\/p>\n\n\n\n<p>Magdalena C\u00e1mpora<\/p>\n\n\n\n<p>In\u00e9s Cuadro Cawen<\/p>\n\n\n\n<p>Quentin Deluermoz<\/p>\n\n\n\n<p>In\u00e9s de Torres<\/p>\n\n\n\n<p>Gabriel Entin<\/p>\n\n\n\n<p>Luis Fern\u00e1ndez Torres<\/p>\n\n\n\n<p>Matias X. Gonzalez<\/p>\n\n\n\n<p>Pilar Gonz\u00e1lez Bernaldo de Quir\u00f3s<\/p>\n\n\n\n<p>Wilson Gonz\u00e1lez Demuro<\/p>\n\n\n\n<p>Jorge Myers<\/p>\n\n\n\n<p>Francisco Ortega<\/p>\n\n\n\n<p>Ori Preuss<\/p>\n\n\n\n<p>Andr\u00e9 Jockyman Roithmann<\/p>\n\n\n\n<p>Cl\u00e9ment Thibaud<\/p>\n\n\n\n<hr class=\"wp-block-separator has-alpha-channel-opacity\"\/>\n\n\n\n<p><a href=\"#_ftnref1\" id=\"_ftn1\">[1]<\/a> Willibald Steinmetz, \u201cLa s\u00e9mantique historique : probl\u00e8mes th\u00e9oriques et pratiques de recherche\u201d, <em>Politika<\/em>, publicado el 03-06-2019, https:\/\/www.politika.io\/fr\/notice\/semantique-historique-problemes-theoriques-pratiques-recherche<\/p>\n","protected":false},"excerpt":{"rendered":"<p>Coordinador: Gabriel Entin (CONICET\/UdeCh) Email: Gabriel.entin@gmail.com B. DESCRIPCION DEL GRUPO Como se\u00f1ala Willibald Steinmetz, la pregunta sobre c\u00f3mo pensar lo que est\u00e1 m\u00e1s all\u00e1 de los conceptos representa uno de los tres principales problemas te\u00f3ricos y pr\u00e1cticos de la sem\u00e1ntica hist\u00f3rica -los otros dos son&nbsp;<a class=\"read-more\" href=\"https:\/\/iberconceptos.es\/?page_id=65\">&hellip;<\/a><\/p>\n","protected":false},"author":1,"featured_media":0,"parent":0,"menu_order":0,"comment_status":"closed","ping_status":"closed","template":"","meta":{"saved_in_kubio":false,"footnotes":""},"class_list":["post-65","page","type-page","status-publish","hentry"],"kubio_ai_page_context":{"short_desc":"","purpose":"general"},"_links":{"self":[{"href":"https:\/\/iberconceptos.es\/index.php?rest_route=\/wp\/v2\/pages\/65","targetHints":{"allow":["GET"]}}],"collection":[{"href":"https:\/\/iberconceptos.es\/index.php?rest_route=\/wp\/v2\/pages"}],"about":[{"href":"https:\/\/iberconceptos.es\/index.php?rest_route=\/wp\/v2\/types\/page"}],"author":[{"embeddable":true,"href":"https:\/\/iberconceptos.es\/index.php?rest_route=\/wp\/v2\/users\/1"}],"replies":[{"embeddable":true,"href":"https:\/\/iberconceptos.es\/index.php?rest_route=%2Fwp%2Fv2%2Fcomments&post=65"}],"version-history":[{"count":4,"href":"https:\/\/iberconceptos.es\/index.php?rest_route=\/wp\/v2\/pages\/65\/revisions"}],"predecessor-version":[{"id":418,"href":"https:\/\/iberconceptos.es\/index.php?rest_route=\/wp\/v2\/pages\/65\/revisions\/418"}],"wp:attachment":[{"href":"https:\/\/iberconceptos.es\/index.php?rest_route=%2Fwp%2Fv2%2Fmedia&parent=65"}],"curies":[{"name":"wp","href":"https:\/\/api.w.org\/{rel}","templated":true}]}}

Grupo Conceptos Políticos Fundamentales

<ol class="wp-block-list" style="list-style-type:upper-alpha">
<li><strong></strong><strong>COORDINACIÓN E INFORMACIÓN DE CONTACTO</strong></li>
</ol>



<p>Coordinador: Gabriel Entin (CONICET/UdeCh)</p>



<p>Email: <a href="mailto:Gabriel.entin@gmail.com">Gabriel.entin@gmail.com</a></p>



<p><strong>B. DESCRIPCION DEL GRUPO </strong></p>



<p>Como señala Willibald Steinmetz, la pregunta sobre cómo pensar lo que está más allá de los conceptos representa uno de los tres principales problemas teóricos y prácticos de la semántica histórica -los otros dos son la explicación de los cambios semánticos de los conceptos -cómo y por qué cambian sus sentidos- y la traducción -o imposibilidad de traducción- de conceptos entre diferentes lenguas<a href="#_ftn1" id="_ftnref1">[1]</a>. Steinmetz identifica así la inconceptualidad como problema constitutivo de la historia conceptual: ¿Puede esta historia dar cuenta de aquello que no es conceptualizable? La pregunta apunta a dos premisas formuladas por Reinhart Koselleck: por un lado, la historia se plasma en conceptos y sólo puede entenderse a través de su análisis. Por otro lado, la historia no puede reducirse a los conceptos. Los miembros del grupo <em>Conceptos Políticos fundamentales </em>se proponen indagar estos y otros problemas teóricos y metodológicos de la historia conceptual a partir de la reconstrucción de usos de conceptos, metáforas, imágenes y otras dimensiones conceptuales, incluidas aquellas no lingüísticas. Para ello, el grupo se concentra en explorar conceptos políticos fundamentales en los vocabularios políticos que adquieren el estatuto de metaconceptos.</p>



<p><strong>C. ACTIVIDADES REALIZADAS</strong></p>



<p>Organización Mesa 137 “Debates y problemas en la historia conceptual”, XIX Jornadas Interescuelas-Departamentos de Historia, Facultad de Humanidades y Artes, Universidad Nacional de Rosario, Rosario, 20 de septiembre de 2024.</p>



<p>Organización Mesa 52 “Historia conceptual. Problemas y estudios de caso (siglos XVIII-</p>



<p>XX)”, XXIV Jornadas de Historia de Chile, Universidad de Concepción, Concepción, 31 de mayo de 2024.</p>



<p>II Workshop Grupo Conceptos Políticos Fundamentales “Una polisemia exacerbada: el concepto “comunidad” entre el republicanismo y la revolución social en la era de los conceptos que se bifurcan: Europa-América Latina, 1810-1890”, Universidad de la República (Udelar), 9-10 diciembre 2021.</p>



<p>Workshop Grupo Conceptos Políticos Fundamentales (virtual) “El concepto de Comunidad en Iberoamérica. Siglo XIX”, 7-8 de diciembre 2020.</p>



<p><strong>D. PUBLICACIONES</strong></p>



<p>Gabriel Entin y Jorge Myers (ed.), <em>Itinerarios de un metaconcepto. La comunidad en el siglo XIX latinoamericano</em>, Madrid, Ahila-Universidad Autónoma de Madrid, 2024.</p>



<p><strong>Participación de miembros del equipo en publicaciones vinculadas a Iberconceptos</strong><strong></strong></p>



<p>Gerardo Caetano, Ana Ribeiro. (2018) “El pleito conceptual entre “libertad” y “república” en los tiempos artiguistas”,&nbsp;<em>Ariadna Histórica. Lenguajes, conceptos, metáforas</em>, (7), pp. 13–35. Disponible en: https://ojs.ehu.eus/index.php/Ariadna/article/view/20176</p>



<p>Wilson González Demuro. (2018) “Cantando y riendo corrijo las costumbres». El teatro como escuela cívica en las sociedades rioplatenses a comienzos del siglo XIX. Montevideo, 1800-1825”,&nbsp;<em>Ariadna Histórica. Lenguajes, conceptos, metáforas</em>, (7), pp. 37–62. Disponible en: https://ojs.ehu.eus/index.php/Ariadna/article/view/20246</p>



<p>Inés Cuadro Cawen. (2018) “Entre la igualdad y las diferencias: el concepto “feminismo” en el Novecientos rioplatense”<em> Ariadna Histórica. Lenguajes, conceptos, metáforas</em>, (7), pp. 63–99. Disponible en: https://ojs.ehu.eus/index.php/Ariadna/article/view/17894</p>



<p>Gonzalo Capellán de Miguel. (2018) “El concepto democracia: momentos, significados e imágenes en la “larga duración” (Una propuesta para repensar la historia conceptual en el mundo iberoamericano)”,&nbsp;<em>Ariadna Histórica. Lenguajes, conceptos, metáforas</em>, (7), pp. 101–146. Disponible en: https://ojs.ehu.eus/index.php/Ariadna/article/view/20177</p>



<p><strong>E. MIEMBROS DEL GRUPO</strong></p>



<p>Edward Blumenthal</p>



<p>Gerardo Caetano</p>



<p>Magdalena Cámpora</p>



<p>Inés Cuadro Cawen</p>



<p>Quentin Deluermoz</p>



<p>Inés de Torres</p>



<p>Gabriel Entin</p>



<p>Luis Fernández Torres</p>



<p>Matias X. Gonzalez</p>



<p>Pilar González Bernaldo de Quirós</p>



<p>Wilson González Demuro</p>



<p>Jorge Myers</p>



<p>Francisco Ortega</p>



<p>Ori Preuss</p>



<p>André Jockyman Roithmann</p>



<p>Clément Thibaud</p>



<hr class="wp-block-separator has-alpha-channel-opacity"/>



<p><a href="#_ftnref1" id="_ftn1">[1]</a> Willibald Steinmetz, “La sémantique historique : problèmes théoriques et pratiques de recherche”, <em>Politika</em>, publicado el 03-06-2019, https://www.politika.io/fr/notice/semantique-historique-problemes-theoriques-pratiques-recherche</p>

<p>Coordinador: Gabriel Entin (CONICET/UdeCh) Email: Gabriel.entin@gmail.com B. DESCRIPCION DEL GRUPO Como señala Willibald Steinmetz, la pregunta sobre cómo pensar lo que está más allá de los conceptos representa uno de los tres principales problemas teóricos y prácticos de la semántica histórica -los otros dos son&nbsp;<a class="read-more" href="https://iberconceptos.es/?page_id=65">&hellip;</a></p>
