{"id":60,"date":"2023-06-28T21:17:22","date_gmt":"2023-06-28T21:17:22","guid":{"rendered":"https:\/\/iberconceptos.es\/?page_id=60"},"modified":"2024-12-03T20:15:55","modified_gmt":"2024-12-03T20:15:55","slug":"grupo-de-conceptos-fundamentales-en-la-larga-duracion-momentos-y-representaciones","status":"publish","type":"page","link":"https:\/\/iberconceptos.es\/?page_id=60","title":{"rendered":"Grupo Conceptos, momentos conceptuales y lenguaje visual"},"content":{"rendered":"\n<ol class=\"wp-block-list\" style=\"list-style-type:upper-alpha\">\n<li><strong>COORDINACI\u00d3N E INFORMACI\u00d3N DE CONTACTO<\/strong><\/li>\n<\/ol>\n\n\n\n<p><strong>Coordinador:<\/strong> Luis Fern\u00e1ndez Torres (Universidad de la Rioja, Espa\u00f1a)<\/p>\n\n\n\n<p><strong>Email:<\/strong> <a href=\"mailto:luis.fernandezt@unirioja.es\">luis.fernandezt@unirioja.es<\/a><\/p>\n\n\n\n<p><strong>    B.  DESCRIPCI\u00d3N DEL GRUPO<\/strong><\/p>\n\n\n\n<p>Este grupo aspira a servir de base para el desarrollo de una nueva l\u00ednea de trabajo en la que converjan dos ejes categoriales, que resultan fundamentales a la hora de profundizar en la comprensi\u00f3n de la pluralidad hist\u00f3rica de los marcos de inteligibilidad. El entrelazamiento de los conceptos en sentido koselleckiano y los lenguajes visuales se convierte de este modo en un objeto de estudio privilegiado, que aspira a aquilatar los l\u00edmites expresivos de una y otra dimensi\u00f3n, poniendo especialmente el foco en la naturaleza de sus relaciones en momentos de cambio conceptual. &nbsp;&nbsp;<\/p>\n\n\n\n<p>La propuesta est\u00e1 abierta a todos los investigadores de la red a quienes les resulte de inter\u00e9s o lo consideren un buen marco para desplegar sus trabajos. Con ese fin, el nuevo grupo se sostendr\u00e1 sobre <strong>tres pilares b\u00e1sicos<\/strong>:<\/p>\n\n\n\n<ol class=\"wp-block-list\" start=\"1\">\n<li>La ampliaci\u00f3n del marco temporal.<\/li>\n\n\n\n<li>La focalizaci\u00f3n en los momentos clave de resemantizaci\u00f3n de los conceptos y de las representaciones visuales de contenido social y pol\u00edtico.<\/li>\n\n\n\n<li>La atenci\u00f3n a la interacci\u00f3n entre ambas dimensiones expresivas.<\/li>\n<\/ol>\n\n\n\n<p>La extensi\u00f3n temporal del enfoque nos permitir\u00e1, en primer lugar, abordar junto a la <em>Sattelzeit<\/em> iberoamericana (1750-1870) el marco temporal comprendido entre las d\u00e9cadas finales del siglo XIX y las primeras del siglo XXI. De ese modo, este espacio cronol\u00f3gico ampliado permitir\u00e1 incluir, por un lado, el estudio de algunos conceptos fundamentales de la modernidad que adquieren su plena significaci\u00f3n a partir de la segunda mitad del siglo XIX, a la vez que tambi\u00e9n posibilitar\u00e1, a modo de hip\u00f3tesis, el estudio de su ocaso desde finales del siglo XX y su sustituci\u00f3n en las primeras d\u00e9cadas del siglo XXI por nuevos modos y c\u00f3digos de comunicaci\u00f3n visuales. Esta extensi\u00f3n temporal abrir\u00e1 las puertas a muchos investigadores sensibles a lo conceptual que ya est\u00e1n trabajando sobre el siglo XX, al tiempo que facilitar\u00e1 el aprovechamiento de los detallados trabajos con los que ya contamos para el periodo 1750-1870.<\/p>\n\n\n\n<p>En segundo lugar, la ampliaci\u00f3n del marco temporal responde a la idea de centrar el an\u00e1lisis en aquellos momentos en los que tanto lo conceptual como lo visual experimentaron una especial resignificaci\u00f3n en la regi\u00f3n iberoamericana, con una riqueza causal que se remonta a un mundo hist\u00f3rica, cultural y sociopol\u00edticamente plural. Tambi\u00e9n se plantea, por otro lado, la necesidad de interconectar lo iberoamericano en el seno de la acentuada globalizaci\u00f3n que experimenta la historia durante este periodo.<\/p>\n\n\n\n<p>Finalmente, retomando una l\u00ednea que si bien estuvo siempre presente en la teor\u00eda de la historia conceptual quiz\u00e1 no se haya desarrollado en su justa medida en la pr\u00e1ctica, se propone conceder mayor importancia a lo visual en su interrelaci\u00f3n con lo conceptual. La representaci\u00f3n de los conceptos en im\u00e1genes y alegor\u00edas, que se hacen cargo de la naturaleza abstracta de aqu\u00e9llos, y la asociaci\u00f3n de s\u00edmbolos y atributos en la iconograf\u00eda actuaron como un agente de gran relevancia a la hora de construir sus significados. Se trata de reconocer el papel desempe\u00f1ado por las im\u00e1genes, que conformaron toda una narrativa visual, en la configuraci\u00f3n de los imaginarios colectivos y las percepciones de los coet\u00e1neos. En consecuencia, se proyecta utilizar este tipo de fuente de forma complementaria e interrelacionada con los textos para profundizar en nuestro an\u00e1lisis de los conceptos, sus usos y sus significados hist\u00f3ricos.<\/p>\n\n\n\n<p>A modo de ejemplo del enfoque planteado, remito al trabajo publicado por Gonzalo Capell\u00e1n sobre el estudio de un concepto que se presta de forma paradigm\u00e1tica a un enfoque de esta naturaleza: democracia. Su centralidad lo incluye en una red conceptual mucho m\u00e1s amplia, al tiempo que su importancia en Iberoam\u00e9rica \u2013y en el mundo en general\u2013 ha sido creciente hasta la actualidad. Un planteamiento m\u00e1s desarrollado de esta propuesta puede verse, por tanto, en el art\u00edculo \u201cThe concept of democracy: moments, meanings and images in the \u201clong term\u201d (a proposed rethinking of conceptual history in the Ibero-American world)\u201d, publicado en <em>Journal of Iberian and Latin Am\u00e9rican Studies<\/em>.<\/p>\n\n\n\n<p>El objetivo es que entre todos los investigadores que deseen sumarse al grupo se pueda elaborar una monograf\u00eda sobre las cambiantes relaciones entre los texto-conceptual y lo icono-conceptual (siglos XIX y XXI) desde una perspectiva de historia conceptual (como test de la potencialidad del enfoque). Para ello, contamos con el proyecto del Centro Internacional de la Lengua Espa\u00f1ola (Cilengua) en La Rioja que permitir\u00eda celebrar alguna reuni\u00f3n espec\u00edfica donde ir definiendo el trabajo del Grupo.<\/p>\n","protected":false},"excerpt":{"rendered":"<p>Coordinador: Luis Fern\u00e1ndez Torres (Universidad de la Rioja, Espa\u00f1a) Email: luis.fernandezt@unirioja.es B. DESCRIPCI\u00d3N DEL GRUPO Este grupo aspira a servir de base para el desarrollo de una nueva l\u00ednea de trabajo en la que converjan dos ejes categoriales, que resultan fundamentales a la hora de&nbsp;<a class=\"read-more\" href=\"https:\/\/iberconceptos.es\/?page_id=60\">&hellip;<\/a><\/p>\n","protected":false},"author":1,"featured_media":0,"parent":0,"menu_order":0,"comment_status":"closed","ping_status":"closed","template":"","meta":{"saved_in_kubio":false,"footnotes":""},"class_list":["post-60","page","type-page","status-publish","hentry"],"kubio_ai_page_context":{"short_desc":"","purpose":"general"},"_links":{"self":[{"href":"https:\/\/iberconceptos.es\/index.php?rest_route=\/wp\/v2\/pages\/60","targetHints":{"allow":["GET"]}}],"collection":[{"href":"https:\/\/iberconceptos.es\/index.php?rest_route=\/wp\/v2\/pages"}],"about":[{"href":"https:\/\/iberconceptos.es\/index.php?rest_route=\/wp\/v2\/types\/page"}],"author":[{"embeddable":true,"href":"https:\/\/iberconceptos.es\/index.php?rest_route=\/wp\/v2\/users\/1"}],"replies":[{"embeddable":true,"href":"https:\/\/iberconceptos.es\/index.php?rest_route=%2Fwp%2Fv2%2Fcomments&post=60"}],"version-history":[{"count":6,"href":"https:\/\/iberconceptos.es\/index.php?rest_route=\/wp\/v2\/pages\/60\/revisions"}],"predecessor-version":[{"id":414,"href":"https:\/\/iberconceptos.es\/index.php?rest_route=\/wp\/v2\/pages\/60\/revisions\/414"}],"wp:attachment":[{"href":"https:\/\/iberconceptos.es\/index.php?rest_route=%2Fwp%2Fv2%2Fmedia&parent=60"}],"curies":[{"name":"wp","href":"https:\/\/api.w.org\/{rel}","templated":true}]}}

<ol class="wp-block-list" style="list-style-type:upper-alpha">
<li><strong>COORDINACIÓN E INFORMACIÓN DE CONTACTO</strong></li>
</ol>



<p><strong>Coordinador:</strong> Luis Fernández Torres (Universidad de la Rioja, España)</p>



<p><strong>Email:</strong> <a href="mailto:luis.fernandezt@unirioja.es">luis.fernandezt@unirioja.es</a></p>



<p><strong>    B.  DESCRIPCIÓN DEL GRUPO</strong></p>



<p>Este grupo aspira a servir de base para el desarrollo de una nueva línea de trabajo en la que converjan dos ejes categoriales, que resultan fundamentales a la hora de profundizar en la comprensión de la pluralidad histórica de los marcos de inteligibilidad. El entrelazamiento de los conceptos en sentido koselleckiano y los lenguajes visuales se convierte de este modo en un objeto de estudio privilegiado, que aspira a aquilatar los límites expresivos de una y otra dimensión, poniendo especialmente el foco en la naturaleza de sus relaciones en momentos de cambio conceptual. &nbsp;&nbsp;</p>



<p>La propuesta está abierta a todos los investigadores de la red a quienes les resulte de interés o lo consideren un buen marco para desplegar sus trabajos. Con ese fin, el nuevo grupo se sostendrá sobre <strong>tres pilares básicos</strong>:</p>



<ol class="wp-block-list" start="1">
<li>La ampliación del marco temporal.</li>



<li>La focalización en los momentos clave de resemantización de los conceptos y de las representaciones visuales de contenido social y político.</li>



<li>La atención a la interacción entre ambas dimensiones expresivas.</li>
</ol>



<p>La extensión temporal del enfoque nos permitirá, en primer lugar, abordar junto a la <em>Sattelzeit</em> iberoamericana (1750-1870) el marco temporal comprendido entre las décadas finales del siglo XIX y las primeras del siglo XXI. De ese modo, este espacio cronológico ampliado permitirá incluir, por un lado, el estudio de algunos conceptos fundamentales de la modernidad que adquieren su plena significación a partir de la segunda mitad del siglo XIX, a la vez que también posibilitará, a modo de hipótesis, el estudio de su ocaso desde finales del siglo XX y su sustitución en las primeras décadas del siglo XXI por nuevos modos y códigos de comunicación visuales. Esta extensión temporal abrirá las puertas a muchos investigadores sensibles a lo conceptual que ya están trabajando sobre el siglo XX, al tiempo que facilitará el aprovechamiento de los detallados trabajos con los que ya contamos para el periodo 1750-1870.</p>



<p>En segundo lugar, la ampliación del marco temporal responde a la idea de centrar el análisis en aquellos momentos en los que tanto lo conceptual como lo visual experimentaron una especial resignificación en la región iberoamericana, con una riqueza causal que se remonta a un mundo histórica, cultural y sociopolíticamente plural. También se plantea, por otro lado, la necesidad de interconectar lo iberoamericano en el seno de la acentuada globalización que experimenta la historia durante este periodo.</p>



<p>Finalmente, retomando una línea que si bien estuvo siempre presente en la teoría de la historia conceptual quizá no se haya desarrollado en su justa medida en la práctica, se propone conceder mayor importancia a lo visual en su interrelación con lo conceptual. La representación de los conceptos en imágenes y alegorías, que se hacen cargo de la naturaleza abstracta de aquéllos, y la asociación de símbolos y atributos en la iconografía actuaron como un agente de gran relevancia a la hora de construir sus significados. Se trata de reconocer el papel desempeñado por las imágenes, que conformaron toda una narrativa visual, en la configuración de los imaginarios colectivos y las percepciones de los coetáneos. En consecuencia, se proyecta utilizar este tipo de fuente de forma complementaria e interrelacionada con los textos para profundizar en nuestro análisis de los conceptos, sus usos y sus significados históricos.</p>



<p>A modo de ejemplo del enfoque planteado, remito al trabajo publicado por Gonzalo Capellán sobre el estudio de un concepto que se presta de forma paradigmática a un enfoque de esta naturaleza: democracia. Su centralidad lo incluye en una red conceptual mucho más amplia, al tiempo que su importancia en Iberoamérica –y en el mundo en general– ha sido creciente hasta la actualidad. Un planteamiento más desarrollado de esta propuesta puede verse, por tanto, en el artículo “The concept of democracy: moments, meanings and images in the “long term” (a proposed rethinking of conceptual history in the Ibero-American world)”, publicado en <em>Journal of Iberian and Latin Américan Studies</em>.</p>



<p>El objetivo es que entre todos los investigadores que deseen sumarse al grupo se pueda elaborar una monografía sobre las cambiantes relaciones entre los texto-conceptual y lo icono-conceptual (siglos XIX y XXI) desde una perspectiva de historia conceptual (como test de la potencialidad del enfoque). Para ello, contamos con el proyecto del Centro Internacional de la Lengua Española (Cilengua) en La Rioja que permitiría celebrar alguna reunión específica donde ir definiendo el trabajo del Grupo.</p>

<p>Coordinador: Luis Fernández Torres (Universidad de la Rioja, España) Email: luis.fernandezt@unirioja.es B. DESCRIPCIÓN DEL GRUPO Este grupo aspira a servir de base para el desarrollo de una nueva línea de trabajo en la que converjan dos ejes categoriales, que resultan fundamentales a la hora de&nbsp;<a class="read-more" href="https://iberconceptos.es/?page_id=60">&hellip;</a></p>
