{"id":184,"date":"2023-06-29T11:42:07","date_gmt":"2023-06-29T11:42:07","guid":{"rendered":"https:\/\/iberconceptos.es\/?page_id=184"},"modified":"2023-06-29T11:52:49","modified_gmt":"2023-06-29T11:52:49","slug":"talleres","status":"publish","type":"page","link":"https:\/\/iberconceptos.es\/?page_id=184","title":{"rendered":"TALLERES"},"content":{"rendered":"\n<div class=\"wp-block-columns is-layout-flex wp-container-core-columns-is-layout-1 wp-block-columns-is-layout-flex\">\n<div class=\"wp-block-column is-layout-flow wp-block-column-is-layout-flow\">\n<p class=\"has-text-align-center has-black-color has-cyan-bluish-gray-background-color has-text-color has-background\">Taller Internacional Historia Conceptual en Iberoam\u00e9rica \u201cProblemas y l\u00edmites de la historia conceptual. Tiempos, Espacios, Categor\u00edas, Im\u00e1genes, Inconceptualidad\u201d, 2-6 septiembre 2019, San Mill\u00e1n de la Cogolla (La Rioja)<\/p>\n<\/div>\n\n\n\n<div class=\"wp-block-column is-layout-flow wp-block-column-is-layout-flow\">\n<p><\/p>\n\n\n\n<p class=\"has-text-align-center has-black-color has-cyan-bluish-gray-background-color has-text-color has-background\">Taller-Internacional-Historia-Conceptual-en-Iberoam\u00e9rica-II<\/p>\n<\/div>\n<\/div>\n\n\n\n<p><\/p>\n\n\n\n<p><\/p>\n\n\n\n<p><\/p>\n","protected":false},"excerpt":{"rendered":"<p>Taller Internacional Historia Conceptual en Iberoam\u00e9rica \u201cProblemas y l\u00edmites de la historia conceptual. Tiempos, Espacios, Categor\u00edas, Im\u00e1genes, Inconceptualidad\u201d, 2-6 septiembre 2019, San Mill\u00e1n de la Cogolla (La Rioja) Taller-Internacional-Historia-Conceptual-en-Iberoam\u00e9rica-II<\/p>\n","protected":false},"author":1,"featured_media":0,"parent":0,"menu_order":0,"comment_status":"closed","ping_status":"closed","template":"","meta":{"saved_in_kubio":false,"footnotes":""},"class_list":["post-184","page","type-page","status-publish","hentry"],"kubio_ai_page_context":{"short_desc":"","purpose":"general"},"_links":{"self":[{"href":"https:\/\/iberconceptos.es\/index.php?rest_route=\/wp\/v2\/pages\/184","targetHints":{"allow":["GET"]}}],"collection":[{"href":"https:\/\/iberconceptos.es\/index.php?rest_route=\/wp\/v2\/pages"}],"about":[{"href":"https:\/\/iberconceptos.es\/index.php?rest_route=\/wp\/v2\/types\/page"}],"author":[{"embeddable":true,"href":"https:\/\/iberconceptos.es\/index.php?rest_route=\/wp\/v2\/users\/1"}],"replies":[{"embeddable":true,"href":"https:\/\/iberconceptos.es\/index.php?rest_route=%2Fwp%2Fv2%2Fcomments&post=184"}],"version-history":[{"count":2,"href":"https:\/\/iberconceptos.es\/index.php?rest_route=\/wp\/v2\/pages\/184\/revisions"}],"predecessor-version":[{"id":191,"href":"https:\/\/iberconceptos.es\/index.php?rest_route=\/wp\/v2\/pages\/184\/revisions\/191"}],"wp:attachment":[{"href":"https:\/\/iberconceptos.es\/index.php?rest_route=%2Fwp%2Fv2%2Fmedia&parent=184"}],"curies":[{"name":"wp","href":"https:\/\/api.w.org\/{rel}","templated":true}]}}