{"id":141,"date":"2023-06-28T23:34:58","date_gmt":"2023-06-28T23:34:58","guid":{"rendered":"https:\/\/iberconceptos.es\/?page_id=141"},"modified":"2025-05-16T17:53:52","modified_gmt":"2025-05-16T17:53:52","slug":"escuela","status":"publish","type":"page","link":"https:\/\/iberconceptos.es\/?page_id=141","title":{"rendered":"Escuela"},"content":{"rendered":"\n<p class=\"has-text-align-center\"><strong>Escuela de Verano CONCEPTA IBEROAM\u00c9RICA en Historia Conceptual<\/strong><\/p>\n\n\n\n<p class=\"has-text-align-left\"><br><\/p>\n\n\n\n<p>La Escuela de Verano CONCEPTA IBEROAM\u00c9RICA es un espacio \u00fanico en Am\u00e9rica Latina de discusi\u00f3n acad\u00e9mica rigurosa, plural y transnacional en torno a los l\u00edmites y desaf\u00edos en el estudio de ideas, lenguajes y conceptos pol\u00edticos, as\u00ed como su formaci\u00f3n, usos, circulaci\u00f3n, traducci\u00f3n, materialidad y difusi\u00f3n en diversos contextos.<\/p>\n\n\n\n<p>La Escuela de Verano, que re\u00fane a un plantel internacional de reconocidos profesores y profesoras, se organiza en cursos introductorios, seminarios especializados, conferencias y un taller para la exposici\u00f3n y cr\u00edtica de proyectos de los participantes. Se encuentra dirigida a estudiantes de posgrado (maestr\u00eda y doctorado), profesores\/as investigadores\/as en historia, historia del arte, ciencia pol\u00edtica, derecho, econom\u00eda, sociolog\u00eda, antropolog\u00eda, letras, ling\u00fc\u00edstica y filosof\u00eda.<\/p>\n\n\n\n<p>Contacto: concepta@colmex.mx<\/p>\n\n\n\n\n\n\n\n\n\n\n\n\n\n\n\n<figure class=\"wp-block-image size-full is-resized\"><img loading=\"lazy\" decoding=\"async\" width=\"686\" height=\"386\" src=\"https:\/\/iberconceptos.es\/wp-content\/uploads\/2025\/02\/Concwepta_2016-1.jpg\" alt=\"\" class=\"wp-image-456\" style=\"width:843px;height:auto\" srcset=\"https:\/\/iberconceptos.es\/wp-content\/uploads\/2025\/02\/Concwepta_2016-1.jpg 686w, https:\/\/iberconceptos.es\/wp-content\/uploads\/2025\/02\/Concwepta_2016-1-300x169.jpg 300w\" sizes=\"(max-width: 686px) 100vw, 686px\" \/><\/figure>\n\n\n\n\n\n\n\n<figure class=\"wp-block-image size-large is-resized\"><img loading=\"lazy\" decoding=\"async\" width=\"1024\" height=\"512\" src=\"http:\/\/iberconceptos.es\/wp-content\/uploads\/2025\/02\/Concepta_2017-1024x512.jpg\" alt=\"\" class=\"wp-image-459\" style=\"width:839px;height:auto\" srcset=\"https:\/\/iberconceptos.es\/wp-content\/uploads\/2025\/02\/Concepta_2017-1024x512.jpg 1024w, https:\/\/iberconceptos.es\/wp-content\/uploads\/2025\/02\/Concepta_2017-300x150.jpg 300w, https:\/\/iberconceptos.es\/wp-content\/uploads\/2025\/02\/Concepta_2017-768x384.jpg 768w, https:\/\/iberconceptos.es\/wp-content\/uploads\/2025\/02\/Concepta_2017-1536x768.jpg 1536w, https:\/\/iberconceptos.es\/wp-content\/uploads\/2025\/02\/Concepta_2017.jpg 1701w\" sizes=\"(max-width: 1024px) 100vw, 1024px\" \/><\/figure>\n\n\n\n\n\n\n\n<figure class=\"wp-block-image size-full is-resized\"><img loading=\"lazy\" decoding=\"async\" width=\"1024\" height=\"441\" src=\"http:\/\/iberconceptos.es\/wp-content\/uploads\/2025\/02\/Concepta_2018.jpg\" alt=\"\" class=\"wp-image-458\" style=\"width:839px;height:auto\" srcset=\"https:\/\/iberconceptos.es\/wp-content\/uploads\/2025\/02\/Concepta_2018.jpg 1024w, https:\/\/iberconceptos.es\/wp-content\/uploads\/2025\/02\/Concepta_2018-300x129.jpg 300w, https:\/\/iberconceptos.es\/wp-content\/uploads\/2025\/02\/Concepta_2018-768x331.jpg 768w\" sizes=\"(max-width: 1024px) 100vw, 1024px\" \/><\/figure>\n\n\n\n\n\n\n\n<figure class=\"wp-block-image size-full\"><img loading=\"lazy\" decoding=\"async\" width=\"1024\" height=\"563\" src=\"http:\/\/iberconceptos.es\/wp-content\/uploads\/2025\/02\/Concepta_2019.jpg\" alt=\"\" class=\"wp-image-457\" srcset=\"https:\/\/iberconceptos.es\/wp-content\/uploads\/2025\/02\/Concepta_2019.jpg 1024w, https:\/\/iberconceptos.es\/wp-content\/uploads\/2025\/02\/Concepta_2019-300x165.jpg 300w, https:\/\/iberconceptos.es\/wp-content\/uploads\/2025\/02\/Concepta_2019-768x422.jpg 768w\" sizes=\"(max-width: 1024px) 100vw, 1024px\" \/><\/figure>\n\n\n\n\n\n\n\n<figure class=\"wp-block-image size-full\"><img loading=\"lazy\" decoding=\"async\" width=\"1024\" height=\"435\" src=\"http:\/\/iberconceptos.es\/wp-content\/uploads\/2025\/02\/Concepta_2022.jpg\" alt=\"\" class=\"wp-image-460\" srcset=\"https:\/\/iberconceptos.es\/wp-content\/uploads\/2025\/02\/Concepta_2022.jpg 1024w, https:\/\/iberconceptos.es\/wp-content\/uploads\/2025\/02\/Concepta_2022-300x127.jpg 300w, https:\/\/iberconceptos.es\/wp-content\/uploads\/2025\/02\/Concepta_2022-768x326.jpg 768w\" sizes=\"(max-width: 1024px) 100vw, 1024px\" \/><\/figure>\n\n\n\n\n\n\n\n<figure class=\"wp-block-image size-large\"><img loading=\"lazy\" decoding=\"async\" width=\"1024\" height=\"318\" src=\"http:\/\/iberconceptos.es\/wp-content\/uploads\/2025\/02\/Concepta_2024-1024x318.png\" alt=\"\" class=\"wp-image-461\" srcset=\"https:\/\/iberconceptos.es\/wp-content\/uploads\/2025\/02\/Concepta_2024-1024x318.png 1024w, https:\/\/iberconceptos.es\/wp-content\/uploads\/2025\/02\/Concepta_2024-300x93.png 300w, https:\/\/iberconceptos.es\/wp-content\/uploads\/2025\/02\/Concepta_2024-768x239.png 768w, https:\/\/iberconceptos.es\/wp-content\/uploads\/2025\/02\/Concepta_2024-1536x478.png 1536w, https:\/\/iberconceptos.es\/wp-content\/uploads\/2025\/02\/Concepta_2024-2048x637.png 2048w\" sizes=\"(max-width: 1024px) 100vw, 1024px\" \/><\/figure>\n","protected":false},"excerpt":{"rendered":"<p>Escuela de Verano CONCEPTA IBEROAM\u00c9RICA en Historia Conceptual La Escuela de Verano CONCEPTA IBEROAM\u00c9RICA es un espacio \u00fanico en Am\u00e9rica Latina de discusi\u00f3n acad\u00e9mica rigurosa, plural y transnacional en torno a los l\u00edmites y desaf\u00edos en el estudio de ideas, lenguajes y conceptos pol\u00edticos, as\u00ed&nbsp;<a class=\"read-more\" href=\"https:\/\/iberconceptos.es\/?page_id=141\">&hellip;<\/a><\/p>\n","protected":false},"author":1,"featured_media":0,"parent":0,"menu_order":0,"comment_status":"closed","ping_status":"closed","template":"","meta":{"saved_in_kubio":true,"footnotes":""},"class_list":["post-141","page","type-page","status-publish","hentry"],"kubio_ai_page_context":{"short_desc":"","purpose":"general"},"_links":{"self":[{"href":"https:\/\/iberconceptos.es\/index.php?rest_route=\/wp\/v2\/pages\/141","targetHints":{"allow":["GET"]}}],"collection":[{"href":"https:\/\/iberconceptos.es\/index.php?rest_route=\/wp\/v2\/pages"}],"about":[{"href":"https:\/\/iberconceptos.es\/index.php?rest_route=\/wp\/v2\/types\/page"}],"author":[{"embeddable":true,"href":"https:\/\/iberconceptos.es\/index.php?rest_route=\/wp\/v2\/users\/1"}],"replies":[{"embeddable":true,"href":"https:\/\/iberconceptos.es\/index.php?rest_route=%2Fwp%2Fv2%2Fcomments&post=141"}],"version-history":[{"count":9,"href":"https:\/\/iberconceptos.es\/index.php?rest_route=\/wp\/v2\/pages\/141\/revisions"}],"predecessor-version":[{"id":626,"href":"https:\/\/iberconceptos.es\/index.php?rest_route=\/wp\/v2\/pages\/141\/revisions\/626"}],"wp:attachment":[{"href":"https:\/\/iberconceptos.es\/index.php?rest_route=%2Fwp%2Fv2%2Fmedia&parent=141"}],"curies":[{"name":"wp","href":"https:\/\/api.w.org\/{rel}","templated":true}]}}