{"id":128,"date":"2023-06-28T23:08:53","date_gmt":"2023-06-28T23:08:53","guid":{"rendered":"https:\/\/iberconceptos.es\/?page_id=128"},"modified":"2025-02-20T22:32:30","modified_gmt":"2025-02-20T22:32:30","slug":"revista","status":"publish","type":"page","link":"https:\/\/iberconceptos.es\/?page_id=128","title":{"rendered":"Revista"},"content":{"rendered":"\n<p class=\"has-text-align-center has-white-color has-cyan-bluish-gray-background-color has-text-color has-background has-medium-font-size\"><strong>ART\u00cdCULOS Y ENTREVISTA<\/strong><\/p>\n\n\n\n<figure class=\"wp-block-image size-large\"><img loading=\"lazy\" decoding=\"async\" width=\"1024\" height=\"214\" src=\"http:\/\/iberconceptos.es\/wp-content\/uploads\/2025\/02\/Ariadna-1024x214.jpg\" alt=\"\" class=\"wp-image-470\" srcset=\"https:\/\/iberconceptos.es\/wp-content\/uploads\/2025\/02\/Ariadna-1024x214.jpg 1024w, https:\/\/iberconceptos.es\/wp-content\/uploads\/2025\/02\/Ariadna-300x63.jpg 300w, https:\/\/iberconceptos.es\/wp-content\/uploads\/2025\/02\/Ariadna-768x161.jpg 768w, https:\/\/iberconceptos.es\/wp-content\/uploads\/2025\/02\/Ariadna.jpg 1196w\" sizes=\"(max-width: 1024px) 100vw, 1024px\" \/><\/figure>\n\n\n\n<p class=\"has-text-align-center\"><strong>Ariadna Hist\u00f3rica. Lenguajes, Conceptos, Met\u00e1foras<\/strong><\/p>\n\n\n\n<p>El lanzamiento de Ariadna Hist\u00f3rica responde al inter\u00e9s creciente que en el \u00e1mbito hispano-lusohablante vienen despertando en los \u00faltimos a\u00f1os los distintos enfoques centrados en el an\u00e1lisis de los usos sociales del lenguaje por parte de los agentes del pasado. La revista prestar\u00e1 una atenci\u00f3n especial a la investigaci\u00f3n hist\u00f3rica sobre discursos, lenguajes y conceptos.\u00a0<\/p>\n\n\n\n<p>Consultar n\u00famero actual: N\u00fam. 13 (2024): <strong><a href=\"https:\/\/ojs.ehu.eus\/index.php\/Ariadna\/issue\/view\/2103\" data-type=\"link\" data-id=\"https:\/\/ojs.ehu.eus\/index.php\/Ariadna\/issue\/view\/2103\">Temporalidad en Iberoam\u00e9rica<\/a><\/strong><br>Consultar p\u00e1gina de la revista: <a href=\"https:\/\/ojs.ehu.eus\/index.php\/Ariadna\" data-type=\"link\" data-id=\"https:\/\/ojs.ehu.eus\/index.php\/Ariadna\">Revista Ariadna<\/a><\/p>\n\n\n\n<p>Contacto: <\/p>\n\n\n\n<p>Pedro Jos\u00e9 Chac\u00f3 Delgado:\u00a0pedrojose.chacon@ehu.eus <\/p>\n","protected":false},"excerpt":{"rendered":"<p>ART\u00cdCULOS Y ENTREVISTA Ariadna Hist\u00f3rica. Lenguajes, Conceptos, Met\u00e1foras El lanzamiento de Ariadna Hist\u00f3rica responde al inter\u00e9s creciente que en el \u00e1mbito hispano-lusohablante vienen despertando en los \u00faltimos a\u00f1os los distintos enfoques centrados en el an\u00e1lisis de los usos sociales del lenguaje por parte de los&nbsp;<a class=\"read-more\" href=\"https:\/\/iberconceptos.es\/?page_id=128\">&hellip;<\/a><\/p>\n","protected":false},"author":1,"featured_media":0,"parent":0,"menu_order":0,"comment_status":"closed","ping_status":"closed","template":"","meta":{"saved_in_kubio":false,"footnotes":""},"class_list":["post-128","page","type-page","status-publish","hentry"],"kubio_ai_page_context":{"short_desc":"","purpose":"general"},"_links":{"self":[{"href":"https:\/\/iberconceptos.es\/index.php?rest_route=\/wp\/v2\/pages\/128","targetHints":{"allow":["GET"]}}],"collection":[{"href":"https:\/\/iberconceptos.es\/index.php?rest_route=\/wp\/v2\/pages"}],"about":[{"href":"https:\/\/iberconceptos.es\/index.php?rest_route=\/wp\/v2\/types\/page"}],"author":[{"embeddable":true,"href":"https:\/\/iberconceptos.es\/index.php?rest_route=\/wp\/v2\/users\/1"}],"replies":[{"embeddable":true,"href":"https:\/\/iberconceptos.es\/index.php?rest_route=%2Fwp%2Fv2%2Fcomments&post=128"}],"version-history":[{"count":4,"href":"https:\/\/iberconceptos.es\/index.php?rest_route=\/wp\/v2\/pages\/128\/revisions"}],"predecessor-version":[{"id":471,"href":"https:\/\/iberconceptos.es\/index.php?rest_route=\/wp\/v2\/pages\/128\/revisions\/471"}],"wp:attachment":[{"href":"https:\/\/iberconceptos.es\/index.php?rest_route=%2Fwp%2Fv2%2Fmedia&parent=128"}],"curies":[{"name":"wp","href":"https:\/\/api.w.org\/{rel}","templated":true}]}}